et j(y) = 5*a(y) - 3*d(y). Determine j(3).
-17
Let z(l) = -1 + 25*l**2 - 3*l - 24*l**2 + l. Calculate z(-2).
7
Suppose 5*q - 16 = -4*j, -5 = -3*q + j + 8. Suppose 3*s + 2*s - 21 = q*c, s - 6 = -c. Let b(f) = -s*f + 5 - 2*f + 5*f + 3*f. Calculate b(-5).
0
Let v(n) = 13. Let w(r) = -r + 39. Let g(f) = -7*v(f) + 2*w(f). What is g(-9)?
5
Let b = 5 - 2. Let x be (4/16)/((-4)/(-32)). Let m(z) = 7*z + 0*z - 7 - z - 3*z**x + 2*z**3 - 3*z**b. Give m(-5).
13
Let a(z) be the second derivative of 1/6*z**3 - 3/20*z**5 + 5*z - 1/12*z**4 + 0 - 1/2*z**2. Suppose -4*w = 4*m - 4, 4 = w - 4*m + 3. What is a(w)?
-4
Let q(i) = -4*i + 14. Let w = -116 - -122. Give q(w).
-10
Let c be 14/(-35) - (-134)/10. Let f = c + -13. Suppose f = 4*r + 8 - 28. Let z(d) = d**3 - 4*d**2 - 5*d + 3. Determine z(r).
3
Let x(s) = s + s - 1 - 3*s + 5*s**2 + 2*s**2. Suppose 3 = -5*i + 4*i, 13 = -4*h - 3*i. What is x(h)?
7
Let r = -878 - -881. Let o(i) = -3*i + 4*i + 2*i - 4*i - 4. Determine o(r).
-7
Let f(m) be the third derivative of m**7/2520 - m**6/720 + 11*m**5/30 - 13*m**2. Let r(y) be the third derivative of f(y). Calculate r(1).
1
Let b(t) = 4 - 1 + t + 1. Let d = 1685 + -1689. Give b(d).
0
Let q(l) = 5*l. Suppose 0 = -6*h + h - 5. Let s be 18/2 - h/1. Suppose 0 = 5*k - 5*f - s, -4*k - f + 8 = 0. Give q(k).
10
Suppose -5 - 25 = -3*y. Let i(d) = 6*d + d**3 + d + 5 - y + 17*d**2 - 25*d**2. Give i(7).
-5
Let r(i) = -i**3 - 5*i**2 + 4*i. Let g(d) = -2*d + 8. Suppose -2*j - 2*y + 6 = 2*y, 5*j - y = 37. Let c be g(j). Give r(c).
12
Suppose s + 0 = -2*i - 2, -5 = -5*s + 5*i. Let o(v) be the third derivative of -5/6*v**3 + 0 + 0*v - 1/24*v**4 - 4*v**2. What is o(s)?
-5
Let s = -2082 - -2079. Let c(l) = -l**3 - 4*l**2 - 4*l - 2. What is c(s)?
1
Let i(z) = 3*z**3 - 6*z + 11. Let g(p) = p**3 - 2*p + 4. Let q(f) = -17*g(f) + 6*i(f). What is q(-2)?
-6
Let v = -392 - -395. Suppose -3*n + 10 = -2*o + 27, 0 = -o - n - 4. Let j(d) = 1 + d - o. Give j(v).
3
Let n(k) = k - 5. Suppose p - 3*p + 46 = 0. Let o = p + -10. Let x = o + -7. Determine n(x).
1
Let r(w) = -w**3 - 16*w**2 - 15 - 13 + 9 - 5*w. Let u be r(-17). Let m(c) = -u + 2*c + 355. Calculate m(-6).
-12
Let u(p) = 3 + 24*p**2 - p + p**3 - 2*p**2 - 18*p**2. What is u(-5)?
-17
Let w be (-6)/(-4)*(-16)/(-6). Let g(c) = c - 1. Let j(y) = 2*y + 2. Suppose 3*k - 6 = 5*k, 0 = -h - 5*k - 16. Let p(f) = h*j(f) + 4*g(f). What is p(w)?
2
Let g(w) = -w**3 + 12*w**2 - w + 12. Let h(i) = -12*i + 60. Let m be h(4). Determine g(m).
0
Let p(k) = -k**3 + 6*k**2 - 5*k + 2. Let h be -1*(-21)/(-56) + 86/16. Determine p(h).
2
Let i(j) be the first derivative of 0*j - 1/6*j**4 + 0*j**2 - 1/360*j**6 + 4 + 1/3*j**3 - 7/120*j**5. Let z(w) be the third derivative of i(w). Give z(-5).
6
Let w(c) = 85 + 0*c - 87 + 6*c. Let g(k) = -5*k + 3. Let t(i) = 7*g(i) + 6*w(i). Give t(-5).
4
Let c be 1*-8*1/2. Let a(l) = -l + 8. Let x be a(6). Let s(r) = 3*r**2 - 6*r**x - r**3 + 6 + 2*r + 2*r. What is s(c)?
6
Let p(a) = -7*a**2 + 21*a - 9. Let u be (2/(10/(-35)))/(4 + -3). Let i(f) = -10*f**2 + 31*f - 13. Let m(g) = u*p(g) + 5*i(g). Determine m(3).
13
Let l(t) be the first derivative of t**4/4 - 8*t**3/3 - 4*t**2 - 9*t + 172. Give l(9).
0
Let u(q) = -4*q**2 + 2*q - 2. Let n be u(1). Let f be (3 + -4)*(-3 - n). Let z(x) = -9*x + 1. What is z(f)?
10
Let r(z) = z - 1. Suppose -2*a = -5*a + 12. Suppose -3*w = 5*h - 60, 4*w - h = 81 - 1. Suppose -a*k + w = k. What is r(k)?
3
Let w(i) = i**2 + 11*i - 14. Let k be (-5*3/(-10))/(1/(-8)). What is w(k)?
-2
Let d(a) be the third derivative of a**6/120 - a**5/5 + 5*a**4/12 + 2*a**3/3 - 51*a**2 + 2*a. Determine d(11).
-7
Let x(s) = -6*s + 46 + s**2 - 42 + 8*s. What is x(-2)?
4
Suppose b + 4*i = 6, -5*b + b - 3*i = -11. Suppose 12 = -b*t + 2*y, 0 = -3*t - 3*y - 0*y - 24. Let o(l) = -4*l - 8. Give o(t).
20
Let g(i) = -2*i**2 + 3*i + 3. Suppose -3*l = 3*h - 9, 2*h - 10 = -7*l + 3*l. Suppose 7 = -2*s + 3*t, 0*s - l*t + 2 = -2*s. Determine g(s).
-17
Let x(y) = -8*y - 1 + 7*y + 0*y. Let c(i) = 2*i - 16. Let s(n) = c(n) + 3*x(n). Give s(0).
-19
Suppose -4*j + 15 = -k, 4*j = 3*j - 5*k + 9. Let h(q) be the third derivative of -q**4/6 + 5*q**3/3 + 245*q**2. What is h(j)?
-6
Let k(s) = -10 - 33*s**2 - 6*s + s**3 + 67*s**2 - 40*s**2. Let v(h) = h. Let p be v(7). What is k(p)?
-3
Let l(p) = 2*p**2 + p - 1. Let z be ((-8)/14)/((-10)/35). Suppose -6 = z*j - j. Let y be (j/3)/(2/2). What is l(y)?
5
Let p(m) be the first derivative of -3/2*m**2 + 3*m - 4/3*m**3 + 2. What is p(2)?
-19
Let j(k) = 27*k - 48*k + 2 + k**2 - k**3 + 23*k. Calculate j(3).
-10
Let y be (-68)/(-18) + (-12)/(-54). Suppose 4*z - 23 = 2*r + z, -34 = y*r - 2*z. Let i(d) = -d**3 - 7*d**2 - d - 5. Determine i(r).
2
Let d be 2/4 + (-18)/(-12). Let h(l) = l**2 + 7*l**d + 4 - 5 + 3*l**2. Give h(1).
10
Let l(o) = -o**2 - o - 3. Suppose -3*f = -5*f. Suppose f = -3*n + 8*n. Let q be n/(2 + -2 - -2). Determine l(q).
-3
Suppose -w = -0*w + 4*c + 12, -5*c - 22 = 3*w. Let l be ((-2)/w)/((-5)/(-20)). Let t(r) = -6 + l*r**2 - 5*r + 1 - r**2. What is t(5)?
-5
Let z = -29 + 15. Let b be (2 + 3)*(1 + -3). Let x = b - z. Let j(p) = -2*p + 2. Give j(x).
-6
Let d(q) = q**2 - 7*q - 3. Let c = -205 - -211. What is d(c)?
-9
Let f(r) = r**3 + 9*r**2 - 4*r - 31. Let c = 1378 + -1387. Calculate f(c).
5
Let a(p) be the third derivative of 0 - 1/30*p**5 + 0*p - 1/120*p**6 + 2/3*p**3 + 1/24*p**4 - p**2. Calculate a(-3).
10
Let l be (-3)/12 + (-137)/(-4). Let r(v) = -5 - 16*v**2 + 4*v - 17*v**2 + l*v**2. Give r(-4).
-5
Let p(a) = a**2 - 7*a + 8. Let k be p(6). Let n(l) = 4*l - k*l + 0*l - l**2 - 1 - l**3. Suppose 8*c - 10 = -2. Give n(c).
-1
Let w(r) = -7*r - 9. Let a(o) = o + 1. Let c(p) = 6*a(p) + w(p). Let n be (-73 - 1)*(9/6)/3. Let m = -37 - n. Give c(m).
-3
Suppose 530 = 5*d - 5*n, -520 = -5*d - 0*d - 5*n. Let z = d + -108. Let x(u) = u**3 + u**2 - 3*u - 4. What is x(z)?
-13
Let o(t) be the first derivative of -t**2/2 - 3*t + 1511. Let b = 2 - 6. Determine o(b).
1
Let w(l) = -l - 14. Let t = 115 + -124. Determine w(t).
-5
Let h(c) be the third derivative of c**4/6 - 7*c**3/6 - 877*c**2. Give h(-5).
-27
Let b(z) be the second derivative of -z**7/2520 + z**6/80 + z**5/120 - 7*z**4/6 + 2*z + 12. Let k(r) be the third derivative of b(r). Determine k(7).
15
Let r be (-3)/((-7)/(490/21)). Let h(z) = -z + 2. Calculate h(r).
-8
Let i(m) be the first derivative of -3*m**2 + 13*m + 747. Give i(3).
-5
Let c(t) be the second derivative of t**4/12 + 17*t**3/6 + 10*t**2 + 325*t. Determine c(-15).
-10
Let z(t) = -t**2 - 1. Let n(p) = p**3 + 4*p**2 - 8*p + 1. Let h(i) = n(i) + 5*z(i). Calculate h(4).
12
Let l = -20 + 13. Let p(t) = -t**3 - 12*t**2 - 4*t + 13. Let z(x) = -x**3 - 13*x**2 - 5*x + 14. Let w(v) = 6*p(v) - 5*z(v). Determine w(l).
1
Suppose 0 = -2*b - 2*j - 7 - 5, -5*j - 28 = 4*b. Let s(r) = -r**3 - r**2 + 2*r - 1. Give s(b).
-1
Let k(j) = j**3 + 2 + 4*j - 2*j + 39865*j**2 - 39868*j**2. Determine k(2).
2
Let m(b) = 2*b + 9 + 2*b**2 - 5 - 9*b**2 - 10*b. Let w(l) = -2*l + 25*l - 5 + 20*l**2 - 6. Let n(c) = -17*m(c) - 6*w(c). Calculate n(-3).
-5
Let f(i) = -6*i - 6. Let g(y) = 14*y + 37. Let t be g(-3). Determine f(t).
24
Suppose -2*h = -27 + 19. Let o(i) = -2 + 5*i - 1 + 0 - 6*i. Determine o(h).
-7
Let a(o) be the first derivative of -o**2/2 + 5*o + 66. What is a(7)?
-2
Let m = -30 + 33. Suppose m*q + 2*q = 1200. Let h be 1/(-7) + q/(-84). Let s(t) = -t**3 - 3*t**2 + 3*t + 4. Give s(h).
-5
Let n be (-1 + -3)/(1/(-26)). Let g(v) = 2 - v - 2*v**2 + 2*v**2 - 102*v**3 + n*v**3. Give g(-2).
-12
Let m(r) = -5*r**3 - 3*r**2 + 2*r - 9. Let g(a) = -9*a**3 - 5*a**2 + 3*a - 17. Let d(w) = 6*g(w) - 11*m(w). Suppose 2*v - 4*z = 0, 3 = -2*z - 1. Calculate d(v).
-3
Suppose d + 16 = 3*z + 5*d, -2*d = -2*z + 6. Suppose s - 2 = -z. Let n(i) = i**3 - i. What is n(s)?
-6
Let y(v) = -v**3 - 4*v**2 - 2*v. Let u be (-1)/(-4) + 9/(-4). What is y(u)?
-4
Let c(j) = -j**2 + 8*j - 5. Let w(g) = 2 - 12 - 6*g - 5*g**2 + 2*g**3 - g**3 + 14*g. Let f be w(4). What is c(f)?
7
Let u(i) = -35*i + 45. Let p(w) = 7*w - 9. Let r(n) = -11*p(n) - 2*u(n). Calculate r(3).
-12
Let b(w) = 2*w + 13. Let f(c) = -c + 1. Suppose 18*o - 90 = 9*o. Let k be f(o). What is b(k)?
-5
Let o be (-59)/(-7) + 3 + 144/(-42). Let q(c) = -20*c + 5 + 4*c**2 + o*c + 12*c + c**3.